{"id":4881,"date":"2020-12-17T01:57:29","date_gmt":"2020-12-17T01:57:29","guid":{"rendered":"https:\/\/el1.thembaydev.com\/zota_fashion\/?page_id=3"},"modified":"2024-08-10T06:06:37","modified_gmt":"2024-08-10T06:06:37","slug":"privacy-policy-3","status":"publish","type":"page","link":"https:\/\/affichedumonde.com\/?page_id=4881","title":{"rendered":"Conditions genetales d&#8217;utlisation"},"content":{"rendered":"\t\t<div data-elementor-type=\"wp-page\" data-elementor-id=\"4881\" class=\"elementor elementor-4881\">\n\t\t\t\t\t\t<section class=\"elementor-section elementor-top-section elementor-element elementor-element-304c4f9a elementor-section-boxed elementor-section-height-default elementor-section-height-default\" data-id=\"304c4f9a\" data-element_type=\"section\" data-e-type=\"section\">\n\t\t\t\t\t\t<div class=\"elementor-container elementor-column-gap-default\">\n\t\t\t\t\t<div class=\"elementor-column elementor-col-100 elementor-top-column elementor-element elementor-element-54c0803\" data-id=\"54c0803\" data-element_type=\"column\" data-e-type=\"column\">\n\t\t\t<div class=\"elementor-widget-wrap elementor-element-populated\">\n\t\t\t\t\t\t<div class=\"elementor-element elementor-element-784956b1 elementor-widget elementor-widget-text-editor\" data-id=\"784956b1\" data-element_type=\"widget\" data-e-type=\"widget\" data-widget_type=\"text-editor.default\">\n\t\t\t\t<div class=\"elementor-widget-container\">\n\t\t\t\t\t\t\t\t\t<div class=\"elementor-element elementor-element-52811ceb elementor-widget elementor-widget-text-editor\" data-id=\"52811ceb\" data-element_type=\"widget\" data-widget_type=\"text-editor.default\">\n<div class=\"elementor-widget-container\">\n<h1 class=\"page-heading\"><strong>Conditions g\u00e9n\u00e9rales d\u2019utilisation (CGU)<\/strong><\/h1><div><strong><br><\/strong><\/div>\n<div>\n<p>Les pr\u00e9sentes conditions g\u00e9<\/p>\n<p>&nbsp;Les pr\u00e9sentes conditions g\u00e9n\u00e9rales ont pour objet de d\u00e9finir les modalit\u00e9s et conditions d\u2019acc\u00e8s et d\u2019utilisation du Site.<\/p>\n<p>Toute connexion au Site est subordonn\u00e9e au respect des pr\u00e9sentes conditions. Pour l\u2019utilisateur, le simple acc\u00e8s au Site AFFICHES DU MONDE \u00e0 l\u2019adresse URL www.affichedumonde.com implique l\u2019acceptation de l\u2019ensemble des conditions d\u00e9crites ci-apr\u00e8s.<\/p>\n<p><strong>Conditions d\u2019acc\u00e8s et utilisation du Site<\/strong><\/p>\n<p>Le Site est accessible gratuitement \u00e0 tout utilisateur disposant d\u2019un acc\u00e8s \u00e0 internet. L\u2019ensemble des co\u00fbts li\u00e9s \u00e0 l\u2019acc\u00e8s au Site, qu\u2019il s\u2019agisse des frais mat\u00e9riels, logiciels ou d\u2019acc\u00e8s \u00e0 internet sont \u00e0 l\u2019unique charge de l\u2019utilisateur\/Client.<\/p>\n<p>Certains services du Site sont toutefois r\u00e9serv\u00e9s aux seuls utilisateurs poss\u00e9dant un compte sur www.creationvintage.com, ci-apr\u00e8s les \u00ab utilisateurs identifi\u00e9s \u00bb.<\/p>\n<p>Il est \u00e0 ce titre pr\u00e9cis\u00e9 que dans les pr\u00e9sentes Conditions G\u00e9n\u00e9rales d\u2019Utilisation, le terme \u00ab utilisateur \u00bb regroupe l\u2019ensemble des internautes qui acc\u00e8dent au Site, qu\u2019ils disposent ou non d\u2019un compte.<\/p>\n<p>Pour disposer d\u2019un compte, l\u2019utilisateur doit s\u2019inscrire en compl\u00e9tant un formulaire en ligne pr\u00e9vu \u00e0 cet effet. Lors son inscription, l\u2019utilisateur choisit un Identifiant (adresse e-mail) et un mot de passe lesquels ont un caract\u00e8re strictement personnel et confidentiel. L\u2019utilisateur s\u2019engage donc express\u00e9ment \u00e0 conserver leur confidentialit\u00e9 et \u00e0 supporter toutes les cons\u00e9quences pouvant r\u00e9sulter de leur divulgation volontaire ou non.<\/p>\n<p>A ce titre, l\u2019utilisateur s\u2019engage \u00e0 d\u00e9clarer \u00e0 AFFICHES DU MONDE toute utilisation non autoris\u00e9e dudit compte d\u00e8s lors qu\u2019il en a connaissance. En cons\u00e9quence, AFFICHES DU MONDE d\u00e9cline toute responsabilit\u00e9 en cas de perte ou d\u2019utilisation non conforme du mot de passe.<\/p>\n<p>La soci\u00e9t\u00e9 AFFICHES DU MONDE mettra en \u0153uvre tous les moyens afin d\u2019assurer un acc\u00e8s au Site 24h\/24, 7 jours\/7, mais ne peut \u00eatre tenue responsable d\u2019un dysfonctionnement \u00e9ventuel qui emp\u00eacherait tout acc\u00e8s au Site et\/ou aux diff\u00e9rents services propos\u00e9s par AFFICHES DU MONDE et fera son possible afin de r\u00e9soudre tout probl\u00e8me dans les meilleurs d\u00e9lais.<\/p>\n<p><strong>Cr\u00e9ation de compte<\/strong><\/p>\n<p>Les services suivants ne sont accessibles qu\u2019aux utilisateurs disposant d\u2019un compte sur le Site :<\/p>\n<p>-acc\u00e9der \u00e0 la page \u00ab Mes favoris \u00bb et\/ou ajouter un article aux favoris<\/p>\n<p>-\u00eatre tenu au courant des prochaines ventes priv\u00e9es<\/p>\n<p>-passer une commande. En cr\u00e9ant son compte, l\u2019Utilisateur accepte les pr\u00e9sentes CGU et notre politique de protection de donn\u00e9es personnelles.<\/p>\n<p>L\u2019acc\u00e8s aux services inclut l\u2019abonnement aux newsletters d\u2019AFFICHES DU MONDE. L\u2019utilisateur identifi\u00e9 a \u00e0 tout moment la possibilit\u00e9 de se d\u00e9sabonner en cliquant sur le lien pr\u00e9vu \u00e0 cet effet situ\u00e9 en bas de chacune des newsletters. Ce lien est \u00e9galement accessible sur le Site dans la rubrique \u00ab Mon compte \u00bb.<\/p>\n<p>La cr\u00e9ation de compte sur le Site est r\u00e9serv\u00e9e \u00e0 toute personne physique \u00e2g\u00e9e au moins de 18 ans. Chaque utilisateur ne peut cr\u00e9er qu\u2019un seul compte AFFICHES DU MONDE.<\/p>\n<p>Tous les champs pr\u00e9sents dans le formulaire de cr\u00e9ation de compte doivent \u00eatre renseign\u00e9s \u00e0 l\u2019exception des champs indiqu\u00e9s comme facultatifs. Tout d\u00e9faut de r\u00e9ponse aura pour cons\u00e9quence la non cr\u00e9ation de compte. Toutes les informations renseign\u00e9es par l\u2019Utilisateur devront \u00eatre exactes.<\/p>\n<p>Lorsque l\u2019Utilisateur cr\u00e9e un compte sur le Site, il re\u00e7oit un e-mail de confirmation de cr\u00e9ation de compte le jour m\u00eame. AFFICHES DU MONDE se r\u00e9serve le droit de supprimer tout compte ne respectant pas les pr\u00e9sentes conditions contractuelles.<\/p>\n<p>Un utilisateur passant une commande sur AFFICHES DU MONDE devient un Client. Un Client doit \u00eatre une personne physique qui agit \u00e0 des fins qui n\u2019entrent pas dans le cadre de son activit\u00e9 commerciale, industrielle, artisanale ou lib\u00e9rale et \u00e2g\u00e9e au moins de 18 ans. Le Client poss\u00e8de un compte client CREATION VINTAGE. Le Client doit renseigner un num\u00e9ro de t\u00e9l\u00e9phone mobile et une adresse postale.<\/p>\n<p><\/p>\n<p><strong>Blocage de compte<\/strong><\/p>\n<p>AFFICHES DU MONDE se r\u00e9serve la possibilit\u00e9 de cl\u00f4turer tout compte client et de refuser en cons\u00e9quence toute vente en cas d\u2019utilisation abusive, d\u00e9loyale ou frauduleuse du service de commande propos\u00e9 sur le site ou non respectueuse de l\u2019une quelconque des obligations du Client d\u00e9finies aux pr\u00e9sentes CGV, notamment dans le cas o\u00f9 un m\u00eame utilisateur se dissimulerait derri\u00e8res des comptes clients diff\u00e9rents dans un but de fraude.<\/p>\n<\/div>\n<\/div>\n<\/div>\t\t\t\t\t\t\t\t<\/div>\n\t\t\t\t<\/div>\n\t\t\t\t\t<\/div>\n\t\t<\/div>\n\t\t\t\t\t<\/div>\n\t\t<\/section>\n\t\t\t\t<\/div>\n\t\t","protected":false},"excerpt":{"rendered":"<p>Conditions g\u00e9n\u00e9rales d\u2019utilisation (CGU) Les pr\u00e9sentes conditions g\u00e9 &nbsp;Les pr\u00e9sentes conditions g\u00e9n\u00e9rales ont pour objet de d\u00e9finir les modalit\u00e9s et conditions d\u2019acc\u00e8s et d\u2019utilisation du Site. Toute connexion au Site est subordonn\u00e9e au respect des pr\u00e9sentes conditions. Pour l\u2019utilisateur, le simple acc\u00e8s au Site AFFICHES DU MONDE \u00e0 l\u2019adresse URL www.affichedumonde.com implique l\u2019acceptation de l\u2019ensemble &hellip; <a href=\"https:\/\/affichedumonde.com\/?page_id=4881\" class=\"more-link\">Lire la suite <span class=\"screen-reader-text\">Conditions genetales d&#8217;utlisation<\/span><\/a><\/p>\n","protected":false},"author":1,"featured_media":0,"parent":0,"menu_order":0,"comment_status":"closed","ping_status":"open","template":"","meta":{"footnotes":""},"class_list":["post-4881","page","type-page","status-publish","hentry"],"yoast_head":"<!-- This site is optimized with the Yoast SEO Premium plugin v24.0 (Yoast SEO v27.4) - https:\/\/yoast.com\/product\/yoast-seo-premium-wordpress\/ -->\n<title>Conditions genetales d&#039;utlisation - Affiche du Monde<\/title>\n<meta name=\"robots\" content=\"index, follow, max-snippet:-1, max-image-preview:large, max-video-preview:-1\" \/>\n<link rel=\"canonical\" href=\"https:\/\/affichedumonde.com\/?page_id=4881\" \/>\n<meta property=\"og:locale\" content=\"fr_FR\" \/>\n<meta property=\"og:type\" content=\"article\" \/>\n<meta property=\"og:title\" content=\"Conditions genetales d&#039;utlisation\" \/>\n<meta property=\"og:description\" content=\"Conditions g\u00e9n\u00e9rales d\u2019utilisation (CGU) Les pr\u00e9sentes conditions g\u00e9 &nbsp;Les pr\u00e9sentes conditions g\u00e9n\u00e9rales ont pour objet de d\u00e9finir les modalit\u00e9s et conditions d\u2019acc\u00e8s et d\u2019utilisation du Site. Toute connexion au Site est subordonn\u00e9e au respect des pr\u00e9sentes conditions. Pour l\u2019utilisateur, le simple acc\u00e8s au Site AFFICHES DU MONDE \u00e0 l\u2019adresse URL www.affichedumonde.com implique l\u2019acceptation de l\u2019ensemble &hellip; Lire la suite Conditions genetales d&#8217;utlisation\" \/>\n<meta property=\"og:url\" content=\"https:\/\/affichedumonde.com\/?page_id=4881\" \/>\n<meta property=\"og:site_name\" content=\"Affiche du Monde\" \/>\n<meta property=\"article:modified_time\" content=\"2024-08-10T06:06:37+00:00\" \/>\n<meta property=\"og:image\" content=\"https:\/\/affichedumonde.com\/wp-content\/uploads\/2024\/09\/slide3-pk-770x241.png\" \/>\n\t<meta property=\"og:image:width\" content=\"770\" \/>\n\t<meta property=\"og:image:height\" content=\"241\" \/>\n\t<meta property=\"og:image:type\" content=\"image\/png\" \/>\n<meta name=\"twitter:card\" content=\"summary_large_image\" \/>\n<meta name=\"twitter:label1\" content=\"Dur\u00e9e de lecture estim\u00e9e\" \/>\n\t<meta name=\"twitter:data1\" content=\"4 minutes\" \/>\n<script type=\"application\/ld+json\" class=\"yoast-schema-graph\">{\"@context\":\"https:\\\/\\\/schema.org\",\"@graph\":[{\"@type\":\"WebPage\",\"@id\":\"https:\\\/\\\/affichedumonde.com\\\/?page_id=4881\",\"url\":\"https:\\\/\\\/affichedumonde.com\\\/?page_id=4881\",\"name\":\"Conditions genetales d'utlisation - Affiche du Monde\",\"isPartOf\":{\"@id\":\"https:\\\/\\\/affichedumonde.com\\\/#website\"},\"datePublished\":\"2020-12-17T01:57:29+00:00\",\"dateModified\":\"2024-08-10T06:06:37+00:00\",\"breadcrumb\":{\"@id\":\"https:\\\/\\\/affichedumonde.com\\\/?page_id=4881#breadcrumb\"},\"inLanguage\":\"fr-FR\",\"potentialAction\":[{\"@type\":\"ReadAction\",\"target\":[\"https:\\\/\\\/affichedumonde.com\\\/?page_id=4881\"]}]},{\"@type\":\"BreadcrumbList\",\"@id\":\"https:\\\/\\\/affichedumonde.com\\\/?page_id=4881#breadcrumb\",\"itemListElement\":[{\"@type\":\"ListItem\",\"position\":1,\"name\":\"Accueil\",\"item\":\"https:\\\/\\\/affichedumonde.com\\\/\"},{\"@type\":\"ListItem\",\"position\":2,\"name\":\"Conditions genetales d&#8217;utlisation\"}]},{\"@type\":\"WebSite\",\"@id\":\"https:\\\/\\\/affichedumonde.com\\\/#website\",\"url\":\"https:\\\/\\\/affichedumonde.com\\\/\",\"name\":\"Affiche du Monde\",\"description\":\"Affiche de voyage,souvenir de vacances\",\"publisher\":{\"@id\":\"https:\\\/\\\/affichedumonde.com\\\/#organization\"},\"alternateName\":\"affichedumonde.com\",\"potentialAction\":[{\"@type\":\"SearchAction\",\"target\":{\"@type\":\"EntryPoint\",\"urlTemplate\":\"https:\\\/\\\/affichedumonde.com\\\/?s={search_term_string}\"},\"query-input\":{\"@type\":\"PropertyValueSpecification\",\"valueRequired\":true,\"valueName\":\"search_term_string\"}}],\"inLanguage\":\"fr-FR\"},{\"@type\":\"Organization\",\"@id\":\"https:\\\/\\\/affichedumonde.com\\\/#organization\",\"name\":\"Affiche du Monde\",\"url\":\"https:\\\/\\\/affichedumonde.com\\\/\",\"logo\":{\"@type\":\"ImageObject\",\"inLanguage\":\"fr-FR\",\"@id\":\"https:\\\/\\\/affichedumonde.com\\\/#\\\/schema\\\/logo\\\/image\\\/\",\"url\":\"https:\\\/\\\/affichedumonde.com\\\/wp-content\\\/uploads\\\/2022\\\/07\\\/LOGO-2-1.jpg\",\"contentUrl\":\"https:\\\/\\\/affichedumonde.com\\\/wp-content\\\/uploads\\\/2022\\\/07\\\/LOGO-2-1.jpg\",\"width\":337,\"height\":98,\"caption\":\"Affiche du Monde\"},\"image\":{\"@id\":\"https:\\\/\\\/affichedumonde.com\\\/#\\\/schema\\\/logo\\\/image\\\/\"}}]}<\/script>\n<!-- \/ Yoast SEO Premium plugin. -->","yoast_head_json":{"title":"Conditions genetales d'utlisation - Affiche du Monde","robots":{"index":"index","follow":"follow","max-snippet":"max-snippet:-1","max-image-preview":"max-image-preview:large","max-video-preview":"max-video-preview:-1"},"canonical":"https:\/\/affichedumonde.com\/?page_id=4881","og_locale":"fr_FR","og_type":"article","og_title":"Conditions genetales d'utlisation","og_description":"Conditions g\u00e9n\u00e9rales d\u2019utilisation (CGU) Les pr\u00e9sentes conditions g\u00e9 &nbsp;Les pr\u00e9sentes conditions g\u00e9n\u00e9rales ont pour objet de d\u00e9finir les modalit\u00e9s et conditions d\u2019acc\u00e8s et d\u2019utilisation du Site. Toute connexion au Site est subordonn\u00e9e au respect des pr\u00e9sentes conditions. Pour l\u2019utilisateur, le simple acc\u00e8s au Site AFFICHES DU MONDE \u00e0 l\u2019adresse URL www.affichedumonde.com implique l\u2019acceptation de l\u2019ensemble &hellip; Lire la suite Conditions genetales d&#8217;utlisation","og_url":"https:\/\/affichedumonde.com\/?page_id=4881","og_site_name":"Affiche du Monde","article_modified_time":"2024-08-10T06:06:37+00:00","og_image":[{"width":770,"height":241,"url":"https:\/\/affichedumonde.com\/wp-content\/uploads\/2024\/09\/slide3-pk-770x241.png","type":"image\/png"}],"twitter_card":"summary_large_image","twitter_misc":{"Dur\u00e9e de lecture estim\u00e9e":"4 minutes"},"schema":{"@context":"https:\/\/schema.org","@graph":[{"@type":"WebPage","@id":"https:\/\/affichedumonde.com\/?page_id=4881","url":"https:\/\/affichedumonde.com\/?page_id=4881","name":"Conditions genetales d'utlisation - Affiche du Monde","isPartOf":{"@id":"https:\/\/affichedumonde.com\/#website"},"datePublished":"2020-12-17T01:57:29+00:00","dateModified":"2024-08-10T06:06:37+00:00","breadcrumb":{"@id":"https:\/\/affichedumonde.com\/?page_id=4881#breadcrumb"},"inLanguage":"fr-FR","potentialAction":[{"@type":"ReadAction","target":["https:\/\/affichedumonde.com\/?page_id=4881"]}]},{"@type":"BreadcrumbList","@id":"https:\/\/affichedumonde.com\/?page_id=4881#breadcrumb","itemListElement":[{"@type":"ListItem","position":1,"name":"Accueil","item":"https:\/\/affichedumonde.com\/"},{"@type":"ListItem","position":2,"name":"Conditions genetales d&#8217;utlisation"}]},{"@type":"WebSite","@id":"https:\/\/affichedumonde.com\/#website","url":"https:\/\/affichedumonde.com\/","name":"Affiche du Monde","description":"Affiche de voyage,souvenir de vacances","publisher":{"@id":"https:\/\/affichedumonde.com\/#organization"},"alternateName":"affichedumonde.com","potentialAction":[{"@type":"SearchAction","target":{"@type":"EntryPoint","urlTemplate":"https:\/\/affichedumonde.com\/?s={search_term_string}"},"query-input":{"@type":"PropertyValueSpecification","valueRequired":true,"valueName":"search_term_string"}}],"inLanguage":"fr-FR"},{"@type":"Organization","@id":"https:\/\/affichedumonde.com\/#organization","name":"Affiche du Monde","url":"https:\/\/affichedumonde.com\/","logo":{"@type":"ImageObject","inLanguage":"fr-FR","@id":"https:\/\/affichedumonde.com\/#\/schema\/logo\/image\/","url":"https:\/\/affichedumonde.com\/wp-content\/uploads\/2022\/07\/LOGO-2-1.jpg","contentUrl":"https:\/\/affichedumonde.com\/wp-content\/uploads\/2022\/07\/LOGO-2-1.jpg","width":337,"height":98,"caption":"Affiche du Monde"},"image":{"@id":"https:\/\/affichedumonde.com\/#\/schema\/logo\/image\/"}}]}},"_links":{"self":[{"href":"https:\/\/affichedumonde.com\/index.php?rest_route=\/wp\/v2\/pages\/4881","targetHints":{"allow":["GET"]}}],"collection":[{"href":"https:\/\/affichedumonde.com\/index.php?rest_route=\/wp\/v2\/pages"}],"about":[{"href":"https:\/\/affichedumonde.com\/index.php?rest_route=\/wp\/v2\/types\/page"}],"author":[{"embeddable":true,"href":"https:\/\/affichedumonde.com\/index.php?rest_route=\/wp\/v2\/users\/1"}],"replies":[{"embeddable":true,"href":"https:\/\/affichedumonde.com\/index.php?rest_route=%2Fwp%2Fv2%2Fcomments&post=4881"}],"version-history":[{"count":8,"href":"https:\/\/affichedumonde.com\/index.php?rest_route=\/wp\/v2\/pages\/4881\/revisions"}],"predecessor-version":[{"id":14152,"href":"https:\/\/affichedumonde.com\/index.php?rest_route=\/wp\/v2\/pages\/4881\/revisions\/14152"}],"wp:attachment":[{"href":"https:\/\/affichedumonde.com\/index.php?rest_route=%2Fwp%2Fv2%2Fmedia&parent=4881"}],"curies":[{"name":"wp","href":"https:\/\/api.w.org\/{rel}","templated":true}]}}