{"id":14674,"date":"2026-03-26T14:10:40","date_gmt":"2026-03-26T14:10:40","guid":{"rendered":"https:\/\/affichedumonde.com\/?post_type=product&#038;p=14674"},"modified":"2026-03-26T14:11:20","modified_gmt":"2026-03-26T14:11:20","slug":"tote-bag-sac-en-toile-personnalise-de-toulon","status":"publish","type":"product","link":"https:\/\/affichedumonde.com\/?product=tote-bag-sac-en-toile-personnalise-de-toulon","title":{"rendered":"Tote Bag, sac en Toile Personnalis\u00e9 de Toulon"},"content":{"rendered":"<p>Le tote bag poss\u00e8de de multiples atouts qui font son succ\u00e8s.<\/p>\n<p>Il s\u2019agit d\u2019un sac \u00e9cologique. En effet, ce n\u2019est pas un sac \u00e0 usage unique qu\u2019on jette apr\u00e8s une seule utilisation et qui va devenir un polluant de plus. C\u2019est la meilleure alternative aux sacs en plastique et pour ralentir la consommation d\u2019emballage.<\/p>\n<p>Le tote bag est \u00e9galement un accessoire d\u2019une grande praticit\u00e9. En effet, il se range tr\u00e8s facilement et tr\u00e8s peu encombrant puisqu\u2019il suffit de le plier. Au fond de votre sac \u00e0 main, vous pouvez le sortir au moment o\u00f9 vous allez faire vos achat.<\/p>\n<p>Un autre avantage qui distingue le tote bag est son c\u00f4t\u00e9 polyvalent. Il peut servir, quelles que soient les occasions. Vous pouvez notamment l\u2019utiliser \u00e0 la plage, au travail et surtout pour le shopping.<\/p>\n<p>&nbsp;<\/p>\n","protected":false},"excerpt":{"rendered":"<p>Un tote bag est un sac en toile souple \u00e0 deux anses, port\u00e9 \u00e0 l&#8217;\u00e9paule , personnalisable , dimensions 34 x 39 cm. (anses 25 cm)<\/p>\n","protected":false},"featured_media":14788,"comment_status":"open","ping_status":"closed","template":"","meta":[],"product_brand":[],"product_cat":[499],"product_tag":[],"class_list":{"0":"post-14674","1":"product","2":"type-product","3":"status-publish","4":"has-post-thumbnail","6":"product_cat-sac","9":"instock","10":"shipping-taxable","11":"purchasable","12":"product-type-variable"},"yoast_head":"<!-- This site is optimized with the Yoast SEO Premium plugin v24.0 (Yoast SEO v27.4) - https:\/\/yoast.com\/product\/yoast-seo-premium-wordpress\/ -->\n<title>Tote Bag, sac en Toile Personnalis\u00e9 de Toulon - Affiche du Monde<\/title>\n<meta name=\"robots\" content=\"index, follow, max-snippet:-1, max-image-preview:large, max-video-preview:-1\" \/>\n<link rel=\"canonical\" href=\"https:\/\/affichedumonde.com\/?product=tote-bag-sac-en-toile-personnalise-de-toulon\" \/>\n<meta property=\"og:locale\" content=\"fr_FR\" \/>\n<meta property=\"og:type\" content=\"article\" \/>\n<meta property=\"og:title\" content=\"Tote Bag, sac en Toile Personnalis\u00e9 de Toulon\" \/>\n<meta property=\"og:description\" content=\"Un tote bag est un sac en toile souple \u00e0 deux anses, port\u00e9 \u00e0 l&#039;\u00e9paule , personnalisable , dimensions 34 x 39 cm. (anses 25 cm)\" \/>\n<meta property=\"og:url\" content=\"https:\/\/affichedumonde.com\/?product=tote-bag-sac-en-toile-personnalise-de-toulon\" \/>\n<meta property=\"og:site_name\" content=\"Affiche du Monde\" \/>\n<meta property=\"article:modified_time\" content=\"2026-03-26T14:11:20+00:00\" \/>\n<meta property=\"og:image\" content=\"https:\/\/affichedumonde.com\/wp-content\/uploads\/2024\/09\/slide3-pk-770x241.png\" \/>\n\t<meta property=\"og:image:width\" content=\"770\" \/>\n\t<meta property=\"og:image:height\" content=\"241\" \/>\n\t<meta property=\"og:image:type\" content=\"image\/png\" \/>\n<meta name=\"twitter:card\" content=\"summary_large_image\" \/>\n<meta name=\"twitter:label1\" content=\"Dur\u00e9e de lecture estim\u00e9e\" \/>\n\t<meta name=\"twitter:data1\" content=\"1 minute\" \/>\n<script type=\"application\/ld+json\" class=\"yoast-schema-graph\">{\"@context\":\"https:\\\/\\\/schema.org\",\"@graph\":[{\"@type\":\"WebPage\",\"@id\":\"https:\\\/\\\/affichedumonde.com\\\/?product=tote-bag-sac-en-toile-personnalise-de-toulon\",\"url\":\"https:\\\/\\\/affichedumonde.com\\\/?product=tote-bag-sac-en-toile-personnalise-de-toulon\",\"name\":\"Tote Bag, sac en Toile Personnalis\u00e9 de Toulon - Affiche du Monde\",\"isPartOf\":{\"@id\":\"https:\\\/\\\/affichedumonde.com\\\/#website\"},\"primaryImageOfPage\":{\"@id\":\"https:\\\/\\\/affichedumonde.com\\\/?product=tote-bag-sac-en-toile-personnalise-de-toulon#primaryimage\"},\"image\":{\"@id\":\"https:\\\/\\\/affichedumonde.com\\\/?product=tote-bag-sac-en-toile-personnalise-de-toulon#primaryimage\"},\"thumbnailUrl\":\"https:\\\/\\\/affichedumonde.com\\\/wp-content\\\/uploads\\\/2026\\\/03\\\/toulon-BE.jpg\",\"datePublished\":\"2026-03-26T14:10:40+00:00\",\"dateModified\":\"2026-03-26T14:11:20+00:00\",\"breadcrumb\":{\"@id\":\"https:\\\/\\\/affichedumonde.com\\\/?product=tote-bag-sac-en-toile-personnalise-de-toulon#breadcrumb\"},\"inLanguage\":\"fr-FR\",\"potentialAction\":[{\"@type\":\"ReadAction\",\"target\":[\"https:\\\/\\\/affichedumonde.com\\\/?product=tote-bag-sac-en-toile-personnalise-de-toulon\"]}]},{\"@type\":\"ImageObject\",\"inLanguage\":\"fr-FR\",\"@id\":\"https:\\\/\\\/affichedumonde.com\\\/?product=tote-bag-sac-en-toile-personnalise-de-toulon#primaryimage\",\"url\":\"https:\\\/\\\/affichedumonde.com\\\/wp-content\\\/uploads\\\/2026\\\/03\\\/toulon-BE.jpg\",\"contentUrl\":\"https:\\\/\\\/affichedumonde.com\\\/wp-content\\\/uploads\\\/2026\\\/03\\\/toulon-BE.jpg\",\"width\":640,\"height\":640},{\"@type\":\"BreadcrumbList\",\"@id\":\"https:\\\/\\\/affichedumonde.com\\\/?product=tote-bag-sac-en-toile-personnalise-de-toulon#breadcrumb\",\"itemListElement\":[{\"@type\":\"ListItem\",\"position\":1,\"name\":\"Accueil\",\"item\":\"https:\\\/\\\/affichedumonde.com\\\/\"},{\"@type\":\"ListItem\",\"position\":2,\"name\":\"Shop\",\"item\":\"https:\\\/\\\/affichedumonde.com\\\/?page_id=9\"},{\"@type\":\"ListItem\",\"position\":3,\"name\":\"Tote Bag, sac en Toile Personnalis\u00e9 de Toulon\"}]},{\"@type\":\"WebSite\",\"@id\":\"https:\\\/\\\/affichedumonde.com\\\/#website\",\"url\":\"https:\\\/\\\/affichedumonde.com\\\/\",\"name\":\"Affiche du Monde\",\"description\":\"Affiche de voyage,souvenir de vacances\",\"publisher\":{\"@id\":\"https:\\\/\\\/affichedumonde.com\\\/#organization\"},\"alternateName\":\"affichedumonde.com\",\"potentialAction\":[{\"@type\":\"SearchAction\",\"target\":{\"@type\":\"EntryPoint\",\"urlTemplate\":\"https:\\\/\\\/affichedumonde.com\\\/?s={search_term_string}\"},\"query-input\":{\"@type\":\"PropertyValueSpecification\",\"valueRequired\":true,\"valueName\":\"search_term_string\"}}],\"inLanguage\":\"fr-FR\"},{\"@type\":\"Organization\",\"@id\":\"https:\\\/\\\/affichedumonde.com\\\/#organization\",\"name\":\"Affiche du Monde\",\"url\":\"https:\\\/\\\/affichedumonde.com\\\/\",\"logo\":{\"@type\":\"ImageObject\",\"inLanguage\":\"fr-FR\",\"@id\":\"https:\\\/\\\/affichedumonde.com\\\/#\\\/schema\\\/logo\\\/image\\\/\",\"url\":\"https:\\\/\\\/affichedumonde.com\\\/wp-content\\\/uploads\\\/2022\\\/07\\\/LOGO-2-1.jpg\",\"contentUrl\":\"https:\\\/\\\/affichedumonde.com\\\/wp-content\\\/uploads\\\/2022\\\/07\\\/LOGO-2-1.jpg\",\"width\":337,\"height\":98,\"caption\":\"Affiche du Monde\"},\"image\":{\"@id\":\"https:\\\/\\\/affichedumonde.com\\\/#\\\/schema\\\/logo\\\/image\\\/\"}}]}<\/script>\n<!-- \/ Yoast SEO Premium plugin. -->","yoast_head_json":{"title":"Tote Bag, sac en Toile Personnalis\u00e9 de Toulon - Affiche du Monde","robots":{"index":"index","follow":"follow","max-snippet":"max-snippet:-1","max-image-preview":"max-image-preview:large","max-video-preview":"max-video-preview:-1"},"canonical":"https:\/\/affichedumonde.com\/?product=tote-bag-sac-en-toile-personnalise-de-toulon","og_locale":"fr_FR","og_type":"article","og_title":"Tote Bag, sac en Toile Personnalis\u00e9 de Toulon","og_description":"Un tote bag est un sac en toile souple \u00e0 deux anses, port\u00e9 \u00e0 l'\u00e9paule , personnalisable , dimensions 34 x 39 cm. (anses 25 cm)","og_url":"https:\/\/affichedumonde.com\/?product=tote-bag-sac-en-toile-personnalise-de-toulon","og_site_name":"Affiche du Monde","article_modified_time":"2026-03-26T14:11:20+00:00","og_image":[{"width":770,"height":241,"url":"https:\/\/affichedumonde.com\/wp-content\/uploads\/2024\/09\/slide3-pk-770x241.png","type":"image\/png"}],"twitter_card":"summary_large_image","twitter_misc":{"Dur\u00e9e de lecture estim\u00e9e":"1 minute"},"schema":{"@context":"https:\/\/schema.org","@graph":[{"@type":"WebPage","@id":"https:\/\/affichedumonde.com\/?product=tote-bag-sac-en-toile-personnalise-de-toulon","url":"https:\/\/affichedumonde.com\/?product=tote-bag-sac-en-toile-personnalise-de-toulon","name":"Tote Bag, sac en Toile Personnalis\u00e9 de Toulon - Affiche du Monde","isPartOf":{"@id":"https:\/\/affichedumonde.com\/#website"},"primaryImageOfPage":{"@id":"https:\/\/affichedumonde.com\/?product=tote-bag-sac-en-toile-personnalise-de-toulon#primaryimage"},"image":{"@id":"https:\/\/affichedumonde.com\/?product=tote-bag-sac-en-toile-personnalise-de-toulon#primaryimage"},"thumbnailUrl":"https:\/\/affichedumonde.com\/wp-content\/uploads\/2026\/03\/toulon-BE.jpg","datePublished":"2026-03-26T14:10:40+00:00","dateModified":"2026-03-26T14:11:20+00:00","breadcrumb":{"@id":"https:\/\/affichedumonde.com\/?product=tote-bag-sac-en-toile-personnalise-de-toulon#breadcrumb"},"inLanguage":"fr-FR","potentialAction":[{"@type":"ReadAction","target":["https:\/\/affichedumonde.com\/?product=tote-bag-sac-en-toile-personnalise-de-toulon"]}]},{"@type":"ImageObject","inLanguage":"fr-FR","@id":"https:\/\/affichedumonde.com\/?product=tote-bag-sac-en-toile-personnalise-de-toulon#primaryimage","url":"https:\/\/affichedumonde.com\/wp-content\/uploads\/2026\/03\/toulon-BE.jpg","contentUrl":"https:\/\/affichedumonde.com\/wp-content\/uploads\/2026\/03\/toulon-BE.jpg","width":640,"height":640},{"@type":"BreadcrumbList","@id":"https:\/\/affichedumonde.com\/?product=tote-bag-sac-en-toile-personnalise-de-toulon#breadcrumb","itemListElement":[{"@type":"ListItem","position":1,"name":"Accueil","item":"https:\/\/affichedumonde.com\/"},{"@type":"ListItem","position":2,"name":"Shop","item":"https:\/\/affichedumonde.com\/?page_id=9"},{"@type":"ListItem","position":3,"name":"Tote Bag, sac en Toile Personnalis\u00e9 de Toulon"}]},{"@type":"WebSite","@id":"https:\/\/affichedumonde.com\/#website","url":"https:\/\/affichedumonde.com\/","name":"Affiche du Monde","description":"Affiche de voyage,souvenir de vacances","publisher":{"@id":"https:\/\/affichedumonde.com\/#organization"},"alternateName":"affichedumonde.com","potentialAction":[{"@type":"SearchAction","target":{"@type":"EntryPoint","urlTemplate":"https:\/\/affichedumonde.com\/?s={search_term_string}"},"query-input":{"@type":"PropertyValueSpecification","valueRequired":true,"valueName":"search_term_string"}}],"inLanguage":"fr-FR"},{"@type":"Organization","@id":"https:\/\/affichedumonde.com\/#organization","name":"Affiche du Monde","url":"https:\/\/affichedumonde.com\/","logo":{"@type":"ImageObject","inLanguage":"fr-FR","@id":"https:\/\/affichedumonde.com\/#\/schema\/logo\/image\/","url":"https:\/\/affichedumonde.com\/wp-content\/uploads\/2022\/07\/LOGO-2-1.jpg","contentUrl":"https:\/\/affichedumonde.com\/wp-content\/uploads\/2022\/07\/LOGO-2-1.jpg","width":337,"height":98,"caption":"Affiche du Monde"},"image":{"@id":"https:\/\/affichedumonde.com\/#\/schema\/logo\/image\/"}}]}},"_links":{"self":[{"href":"https:\/\/affichedumonde.com\/index.php?rest_route=\/wp\/v2\/product\/14674","targetHints":{"allow":["GET"]}}],"collection":[{"href":"https:\/\/affichedumonde.com\/index.php?rest_route=\/wp\/v2\/product"}],"about":[{"href":"https:\/\/affichedumonde.com\/index.php?rest_route=\/wp\/v2\/types\/product"}],"replies":[{"embeddable":true,"href":"https:\/\/affichedumonde.com\/index.php?rest_route=%2Fwp%2Fv2%2Fcomments&post=14674"}],"version-history":[{"count":1,"href":"https:\/\/affichedumonde.com\/index.php?rest_route=\/wp\/v2\/product\/14674\/revisions"}],"predecessor-version":[{"id":14789,"href":"https:\/\/affichedumonde.com\/index.php?rest_route=\/wp\/v2\/product\/14674\/revisions\/14789"}],"wp:featuredmedia":[{"embeddable":true,"href":"https:\/\/affichedumonde.com\/index.php?rest_route=\/wp\/v2\/media\/14788"}],"wp:attachment":[{"href":"https:\/\/affichedumonde.com\/index.php?rest_route=%2Fwp%2Fv2%2Fmedia&parent=14674"}],"wp:term":[{"taxonomy":"product_brand","embeddable":true,"href":"https:\/\/affichedumonde.com\/index.php?rest_route=%2Fwp%2Fv2%2Fproduct_brand&post=14674"},{"taxonomy":"product_cat","embeddable":true,"href":"https:\/\/affichedumonde.com\/index.php?rest_route=%2Fwp%2Fv2%2Fproduct_cat&post=14674"},{"taxonomy":"product_tag","embeddable":true,"href":"https:\/\/affichedumonde.com\/index.php?rest_route=%2Fwp%2Fv2%2Fproduct_tag&post=14674"}],"curies":[{"name":"wp","href":"https:\/\/api.w.org\/{rel}","templated":true}]}}